{"id":5745,"date":"2025-06-26T10:22:23","date_gmt":"2025-06-26T10:22:23","guid":{"rendered":"https:\/\/www.artsoulgroup.com\/portoriversoulhotel\/?page_id=5745"},"modified":"2026-03-11T11:07:02","modified_gmt":"2026-03-11T11:07:02","slug":"questionario-estadia","status":"publish","type":"page","link":"https:\/\/www.artsoulgroup.com\/portoriversoulhotel\/questionario-estadia\/","title":{"rendered":"Question\u00e1rio Estadia"},"content":{"rendered":"\t\t<div data-elementor-type=\"wp-page\" data-elementor-id=\"5745\" class=\"elementor elementor-5745\">\n\t\t\t\t<div class=\"elementor-element elementor-element-d1113a7 e-flex e-con-boxed e-con e-parent\" data-id=\"d1113a7\" data-element_type=\"container\" data-e-type=\"container\">\n\t\t\t\t\t<div class=\"e-con-inner\">\n\t\t\t\t<div class=\"elementor-element elementor-element-47ffd29 exad-sticky-section-no exad-glass-effect-no elementor-widget elementor-widget-html\" data-id=\"47ffd29\" data-element_type=\"widget\" data-e-type=\"widget\" data-widget_type=\"html.default\">\n\t\t\t\t<div class=\"elementor-widget-container\">\n\t\t\t\t\t\n    <iframe\n      id=\"JotFormIFrame-251754167530356\"\n      title=\"Question\u00e1rio Satisfa\u00e7\u00e3o Durante Estadia - River Soul\"\n      onload=\"window.parent.scrollTo(0,0)\"\n      allowtransparency=\"true\"\n      allow=\"geolocation; microphone; camera; fullscreen; payment\"\n      src=\"https:\/\/form.jotform.com\/ArtSoulGroup\/questionario-estadia-riversoul\"\n      frameborder=\"0\"\n      style=\"min-width:100%;max-width:100%;height:1539px;border:none;\"\n      scrolling=\"no\"\n    >\n    <\/iframe>\n    <script src='https:\/\/cdn.jotfor.ms\/s\/umd\/latest\/for-form-embed-handler.js'><\/script>\n    <script>window.jotformEmbedHandler(\"iframe[id='JotFormIFrame-251754167530356']\", \"https:\/\/form.jotform.com\/\")<\/script>\n    \t\t\t\t<\/div>\n\t\t\t\t<\/div>\n\t\t\t\t\t<\/div>\n\t\t\t\t<\/div>\n\t\t\t\t<\/div>\n\t\t","protected":false},"excerpt":{"rendered":"","protected":false},"author":1,"featured_media":0,"parent":0,"menu_order":0,"comment_status":"closed","ping_status":"closed","template":"elementor_theme","meta":{"footnotes":""},"class_list":["post-5745","page","type-page","status-publish","hentry","post-no-thumbnail"],"yoast_head":"<!-- This site is optimized with the Yoast SEO plugin v27.6 - https:\/\/yoast.com\/product\/yoast-seo-wordpress\/ -->\n<title>Question\u00e1rio Estadia - Porto River Soul Hotel<\/title>\n<meta name=\"robots\" content=\"index, follow, max-snippet:-1, max-image-preview:large, max-video-preview:-1\" \/>\n<link rel=\"canonical\" href=\"https:\/\/www.artsoulgroup.com\/portoriversoulhotel\/questionario-estadia\/\" \/>\n<meta property=\"og:locale\" content=\"pt_PT\" \/>\n<meta property=\"og:type\" content=\"article\" \/>\n<meta property=\"og:title\" content=\"Question\u00e1rio Estadia - Porto River Soul Hotel\" \/>\n<meta property=\"og:url\" content=\"https:\/\/www.artsoulgroup.com\/portoriversoulhotel\/questionario-estadia\/\" \/>\n<meta property=\"og:site_name\" content=\"Porto River Soul Hotel\" \/>\n<meta property=\"article:modified_time\" content=\"2026-03-11T11:07:02+00:00\" \/>\n<meta name=\"twitter:card\" content=\"summary_large_image\" \/>\n<script type=\"application\/ld+json\" class=\"yoast-schema-graph\">{\"@context\":\"https:\\\/\\\/schema.org\",\"@graph\":[{\"@type\":\"WebPage\",\"@id\":\"https:\\\/\\\/www.artsoulgroup.com\\\/portoriversoulhotel\\\/questionario-estadia\\\/\",\"url\":\"https:\\\/\\\/www.artsoulgroup.com\\\/portoriversoulhotel\\\/questionario-estadia\\\/\",\"name\":\"Question\u00e1rio Estadia - Porto River Soul Hotel\",\"isPartOf\":{\"@id\":\"https:\\\/\\\/www.artsoulgroup.com\\\/portoriversoulhotel\\\/#website\"},\"datePublished\":\"2025-06-26T10:22:23+00:00\",\"dateModified\":\"2026-03-11T11:07:02+00:00\",\"breadcrumb\":{\"@id\":\"https:\\\/\\\/www.artsoulgroup.com\\\/portoriversoulhotel\\\/questionario-estadia\\\/#breadcrumb\"},\"inLanguage\":\"pt-PT\",\"potentialAction\":[{\"@type\":\"ReadAction\",\"target\":[\"https:\\\/\\\/www.artsoulgroup.com\\\/portoriversoulhotel\\\/questionario-estadia\\\/\"]}]},{\"@type\":\"BreadcrumbList\",\"@id\":\"https:\\\/\\\/www.artsoulgroup.com\\\/portoriversoulhotel\\\/questionario-estadia\\\/#breadcrumb\",\"itemListElement\":[{\"@type\":\"ListItem\",\"position\":1,\"name\":\"In\u00edcio\",\"item\":\"https:\\\/\\\/www.artsoulgroup.com\\\/portoriversoulhotel\\\/\"},{\"@type\":\"ListItem\",\"position\":2,\"name\":\"Question\u00e1rio Estadia\"}]},{\"@type\":\"WebSite\",\"@id\":\"https:\\\/\\\/www.artsoulgroup.com\\\/portoriversoulhotel\\\/#website\",\"url\":\"https:\\\/\\\/www.artsoulgroup.com\\\/portoriversoulhotel\\\/\",\"name\":\"Porto River Soul Hotel\",\"description\":\"\",\"publisher\":{\"@id\":\"https:\\\/\\\/www.artsoulgroup.com\\\/portoriversoulhotel\\\/#organization\"},\"potentialAction\":[{\"@type\":\"SearchAction\",\"target\":{\"@type\":\"EntryPoint\",\"urlTemplate\":\"https:\\\/\\\/www.artsoulgroup.com\\\/portoriversoulhotel\\\/?s={search_term_string}\"},\"query-input\":{\"@type\":\"PropertyValueSpecification\",\"valueRequired\":true,\"valueName\":\"search_term_string\"}}],\"inLanguage\":\"pt-PT\"},{\"@type\":\"Organization\",\"@id\":\"https:\\\/\\\/www.artsoulgroup.com\\\/portoriversoulhotel\\\/#organization\",\"name\":\"Porto River Soul Hotel\",\"url\":\"https:\\\/\\\/www.artsoulgroup.com\\\/portoriversoulhotel\\\/\",\"logo\":{\"@type\":\"ImageObject\",\"inLanguage\":\"pt-PT\",\"@id\":\"https:\\\/\\\/www.artsoulgroup.com\\\/portoriversoulhotel\\\/#\\\/schema\\\/logo\\\/image\\\/\",\"url\":\"\",\"contentUrl\":\"\",\"caption\":\"Porto River Soul Hotel\"},\"image\":{\"@id\":\"https:\\\/\\\/www.artsoulgroup.com\\\/portoriversoulhotel\\\/#\\\/schema\\\/logo\\\/image\\\/\"}}]}<\/script>\n<!-- \/ Yoast SEO plugin. -->","yoast_head_json":{"title":"Question\u00e1rio Estadia - Porto River Soul Hotel","robots":{"index":"index","follow":"follow","max-snippet":"max-snippet:-1","max-image-preview":"max-image-preview:large","max-video-preview":"max-video-preview:-1"},"canonical":"https:\/\/www.artsoulgroup.com\/portoriversoulhotel\/questionario-estadia\/","og_locale":"pt_PT","og_type":"article","og_title":"Question\u00e1rio Estadia - Porto River Soul Hotel","og_url":"https:\/\/www.artsoulgroup.com\/portoriversoulhotel\/questionario-estadia\/","og_site_name":"Porto River Soul Hotel","article_modified_time":"2026-03-11T11:07:02+00:00","twitter_card":"summary_large_image","schema":{"@context":"https:\/\/schema.org","@graph":[{"@type":"WebPage","@id":"https:\/\/www.artsoulgroup.com\/portoriversoulhotel\/questionario-estadia\/","url":"https:\/\/www.artsoulgroup.com\/portoriversoulhotel\/questionario-estadia\/","name":"Question\u00e1rio Estadia - Porto River Soul Hotel","isPartOf":{"@id":"https:\/\/www.artsoulgroup.com\/portoriversoulhotel\/#website"},"datePublished":"2025-06-26T10:22:23+00:00","dateModified":"2026-03-11T11:07:02+00:00","breadcrumb":{"@id":"https:\/\/www.artsoulgroup.com\/portoriversoulhotel\/questionario-estadia\/#breadcrumb"},"inLanguage":"pt-PT","potentialAction":[{"@type":"ReadAction","target":["https:\/\/www.artsoulgroup.com\/portoriversoulhotel\/questionario-estadia\/"]}]},{"@type":"BreadcrumbList","@id":"https:\/\/www.artsoulgroup.com\/portoriversoulhotel\/questionario-estadia\/#breadcrumb","itemListElement":[{"@type":"ListItem","position":1,"name":"In\u00edcio","item":"https:\/\/www.artsoulgroup.com\/portoriversoulhotel\/"},{"@type":"ListItem","position":2,"name":"Question\u00e1rio Estadia"}]},{"@type":"WebSite","@id":"https:\/\/www.artsoulgroup.com\/portoriversoulhotel\/#website","url":"https:\/\/www.artsoulgroup.com\/portoriversoulhotel\/","name":"Porto River Soul Hotel","description":"","publisher":{"@id":"https:\/\/www.artsoulgroup.com\/portoriversoulhotel\/#organization"},"potentialAction":[{"@type":"SearchAction","target":{"@type":"EntryPoint","urlTemplate":"https:\/\/www.artsoulgroup.com\/portoriversoulhotel\/?s={search_term_string}"},"query-input":{"@type":"PropertyValueSpecification","valueRequired":true,"valueName":"search_term_string"}}],"inLanguage":"pt-PT"},{"@type":"Organization","@id":"https:\/\/www.artsoulgroup.com\/portoriversoulhotel\/#organization","name":"Porto River Soul Hotel","url":"https:\/\/www.artsoulgroup.com\/portoriversoulhotel\/","logo":{"@type":"ImageObject","inLanguage":"pt-PT","@id":"https:\/\/www.artsoulgroup.com\/portoriversoulhotel\/#\/schema\/logo\/image\/","url":"","contentUrl":"","caption":"Porto River Soul Hotel"},"image":{"@id":"https:\/\/www.artsoulgroup.com\/portoriversoulhotel\/#\/schema\/logo\/image\/"}}]}},"_links":{"self":[{"href":"https:\/\/www.artsoulgroup.com\/portoriversoulhotel\/wp-json\/wp\/v2\/pages\/5745","targetHints":{"allow":["GET"]}}],"collection":[{"href":"https:\/\/www.artsoulgroup.com\/portoriversoulhotel\/wp-json\/wp\/v2\/pages"}],"about":[{"href":"https:\/\/www.artsoulgroup.com\/portoriversoulhotel\/wp-json\/wp\/v2\/types\/page"}],"author":[{"embeddable":true,"href":"https:\/\/www.artsoulgroup.com\/portoriversoulhotel\/wp-json\/wp\/v2\/users\/1"}],"replies":[{"embeddable":true,"href":"https:\/\/www.artsoulgroup.com\/portoriversoulhotel\/wp-json\/wp\/v2\/comments?post=5745"}],"version-history":[{"count":3,"href":"https:\/\/www.artsoulgroup.com\/portoriversoulhotel\/wp-json\/wp\/v2\/pages\/5745\/revisions"}],"predecessor-version":[{"id":8092,"href":"https:\/\/www.artsoulgroup.com\/portoriversoulhotel\/wp-json\/wp\/v2\/pages\/5745\/revisions\/8092"}],"wp:attachment":[{"href":"https:\/\/www.artsoulgroup.com\/portoriversoulhotel\/wp-json\/wp\/v2\/media?parent=5745"}],"curies":[{"name":"wp","href":"https:\/\/api.w.org\/{rel}","templated":true}]}}